{"id":301,"date":"2023-06-09T12:10:45","date_gmt":"2023-06-09T15:10:45","guid":{"rendered":"https:\/\/www.laestaciondedanza.com\/laestacion\/?page_id=301"},"modified":"2023-08-16T11:31:20","modified_gmt":"2023-08-16T14:31:20","slug":"packs-libres","status":"publish","type":"page","link":"https:\/\/www.laestaciondedanza.com\/laestacion\/packs-libres\/","title":{"rendered":"Packs libres"},"content":{"rendered":"\t\t<div data-elementor-type=\"wp-page\" data-elementor-id=\"301\" class=\"elementor elementor-301\" data-elementor-post-type=\"page\">\n\t\t\t\t<div class=\"elementor-element elementor-element-b345c40 e-flex e-con-boxed e-con e-parent\" data-id=\"b345c40\" data-element_type=\"container\" data-e-type=\"container\" data-settings=\"{&quot;background_background&quot;:&quot;classic&quot;}\">\n\t\t\t\t\t<div class=\"e-con-inner\">\n\t\t<div class=\"elementor-element elementor-element-1e02401 e-flex e-con-boxed e-con e-parent\" data-id=\"1e02401\" data-element_type=\"container\" data-e-type=\"container\">\n\t\t\t\t\t<div class=\"e-con-inner\">\n\t\t<div class=\"elementor-element elementor-element-7ff6da9 e-con-full e-flex e-con e-parent\" data-id=\"7ff6da9\" data-element_type=\"container\" data-e-type=\"container\" data-settings=\"{&quot;background_background&quot;:&quot;gradient&quot;}\">\n\t\t\t\t<\/div>\n\t\t\t\t<div class=\"elementor-element elementor-element-9854462 elementor-widget elementor-widget-heading\" data-id=\"9854462\" data-element_type=\"widget\" data-e-type=\"widget\" data-widget_type=\"heading.default\">\n\t\t\t\t<div class=\"elementor-widget-container\">\n\t\t\t\t\t<h1 class=\"elementor-heading-title elementor-size-default\">Packs libres<\/h1>\t\t\t\t<\/div>\n\t\t\t\t<\/div>\n\t\t\t\t<div class=\"elementor-element elementor-element-e9c77bb elementor-widget elementor-widget-text-editor\" data-id=\"e9c77bb\" data-element_type=\"widget\" data-e-type=\"widget\" data-widget_type=\"text-editor.default\">\n\t\t\t\t<div class=\"elementor-widget-container\">\n\t\t\t\t\t\t\t\t\t<p><strong>\u00a1Seleccion\u00e1 el pack de clases que m\u00e1s te guste! Cuantas m\u00e1s clases compres, m\u00e1s ahorras.<\/strong><\/p><p>Despu\u00e9s de comprar, podr\u00e1s seleccionar cualquiera de nuestras clases (siempre y cuando tengan cupo), y se te descontar\u00e1 autom\u00e1ticamente de tu pack. Record\u00e1 que ten\u00e9s 30 d\u00edas desde la fecha de la compra para usar tu pack. En tu perfil podr\u00e1s ir viendo cuantas clases te quedan por tomar.<\/p>\t\t\t\t\t\t\t\t<\/div>\n\t\t\t\t<\/div>\n\t\t\t\t<div class=\"elementor-element elementor-element-00372d1 elementor-widget elementor-widget-jet-listing-grid\" data-id=\"00372d1\" data-element_type=\"widget\" data-e-type=\"widget\" data-settings=\"{&quot;columns_mobile&quot;:&quot;1&quot;,&quot;columns_tablet&quot;:&quot;1&quot;,&quot;columns&quot;:3}\" data-widget_type=\"jet-listing-grid.default\">\n\t\t\t\t<div class=\"elementor-widget-container\">\n\t\t\t\t\t<div class=\"jet-listing-grid jet-listing\"><div class=\"jet-listing-grid__items grid-col-desk-3 grid-col-tablet-1 grid-col-mobile-1 jet-listing-grid--398 woocommerce\" data-queried-id=\"301|WP_Post\" data-nav=\"{&quot;enabled&quot;:false,&quot;type&quot;:null,&quot;more_el&quot;:null,&quot;query&quot;:[],&quot;widget_settings&quot;:{&quot;lisitng_id&quot;:398,&quot;posts_num&quot;:6,&quot;columns&quot;:3,&quot;columns_tablet&quot;:1,&quot;columns_mobile&quot;:1,&quot;column_min_width&quot;:240,&quot;column_min_width_tablet&quot;:240,&quot;column_min_width_mobile&quot;:240,&quot;inline_columns_css&quot;:false,&quot;is_archive_template&quot;:&quot;&quot;,&quot;post_status&quot;:[&quot;publish&quot;],&quot;use_random_posts_num&quot;:&quot;&quot;,&quot;max_posts_num&quot;:9,&quot;not_found_message&quot;:&quot;No hay paquetes que coincidan con la b\\u00fasqueda.&quot;,&quot;is_masonry&quot;:false,&quot;equal_columns_height&quot;:&quot;&quot;,&quot;use_load_more&quot;:&quot;&quot;,&quot;load_more_id&quot;:&quot;&quot;,&quot;load_more_type&quot;:&quot;click&quot;,&quot;load_more_offset&quot;:null,&quot;use_custom_post_types&quot;:&quot;&quot;,&quot;custom_post_types&quot;:[],&quot;hide_widget_if&quot;:&quot;&quot;,&quot;carousel_enabled&quot;:&quot;&quot;,&quot;slides_to_scroll&quot;:&quot;1&quot;,&quot;arrows&quot;:&quot;true&quot;,&quot;arrow_icon&quot;:&quot;fa fa-angle-left&quot;,&quot;dots&quot;:&quot;&quot;,&quot;autoplay&quot;:&quot;true&quot;,&quot;pause_on_hover&quot;:&quot;true&quot;,&quot;autoplay_speed&quot;:5000,&quot;infinite&quot;:&quot;true&quot;,&quot;center_mode&quot;:&quot;&quot;,&quot;effect&quot;:&quot;slide&quot;,&quot;speed&quot;:500,&quot;inject_alternative_items&quot;:&quot;&quot;,&quot;injection_items&quot;:[],&quot;scroll_slider_enabled&quot;:&quot;&quot;,&quot;scroll_slider_on&quot;:[&quot;desktop&quot;,&quot;tablet&quot;,&quot;mobile&quot;],&quot;custom_query&quot;:false,&quot;custom_query_id&quot;:&quot;&quot;,&quot;_element_id&quot;:&quot;&quot;,&quot;collapse_first_last_gap&quot;:false,&quot;list_tag_selection&quot;:&quot;&quot;,&quot;list_items_wrapper_tag&quot;:&quot;div&quot;,&quot;list_item_tag&quot;:&quot;div&quot;,&quot;empty_items_wrapper_tag&quot;:&quot;div&quot;}}\" data-page=\"1\" data-pages=\"1\" data-listing-source=\"posts\" data-listing-id=\"398\" data-query-id=\"\"><div class=\"jet-listing-grid__item jet-listing-dynamic-post-287\" data-post-id=\"287\"  >\t\t<div data-elementor-type=\"jet-listing-items\" data-elementor-id=\"398\" class=\"elementor elementor-398\" data-elementor-post-type=\"jet-engine\">\n\t\t\t\t<div class=\"elementor-element elementor-element-6dcd851 e-flex e-con-boxed e-con e-parent\" data-id=\"6dcd851\" data-element_type=\"container\" data-e-type=\"container\">\n\t\t\t\t\t<div class=\"e-con-inner\">\n\t\t\t\t<div class=\"elementor-element elementor-element-6e6c7e3 elementor-widget elementor-widget-theme-post-featured-image elementor-widget-image\" data-id=\"6e6c7e3\" data-element_type=\"widget\" data-e-type=\"widget\" data-widget_type=\"theme-post-featured-image.default\">\n\t\t\t\t<div class=\"elementor-widget-container\">\n\t\t\t\t\t\t\t\t\t\t\t\t\t\t\t\t<a href=\"https:\/\/www.laestaciondedanza.com\/laestacion\/producto\/pack-libre-10-clases\/\">\n\t\t\t\t\t\t\t<img fetchpriority=\"high\" decoding=\"async\" width=\"512\" height=\"512\" src=\"https:\/\/www.laestaciondedanza.com\/laestacion\/wp-content\/uploads\/img-pack-libre-10-clases.png\" class=\"attachment-large size-large wp-image-632\" alt=\"\" srcset=\"https:\/\/www.laestaciondedanza.com\/laestacion\/wp-content\/uploads\/img-pack-libre-10-clases.png 512w, https:\/\/www.laestaciondedanza.com\/laestacion\/wp-content\/uploads\/img-pack-libre-10-clases-300x300.png 300w, https:\/\/www.laestaciondedanza.com\/laestacion\/wp-content\/uploads\/img-pack-libre-10-clases-100x100.png 100w\" sizes=\"(max-width: 512px) 100vw, 512px\" \/>\t\t\t\t\t\t\t\t<\/a>\n\t\t\t\t\t\t\t\t\t\t\t\t\t\t\t<\/div>\n\t\t\t\t<\/div>\n\t\t<div class=\"elementor-element elementor-element-6fd6245 e-flex e-con-boxed e-con e-parent\" data-id=\"6fd6245\" data-element_type=\"container\" data-e-type=\"container\" data-settings=\"{&quot;background_background&quot;:&quot;classic&quot;}\">\n\t\t\t\t\t<div class=\"e-con-inner\">\n\t\t\t\t<div class=\"elementor-element elementor-element-96be464 elementor-widget elementor-widget-heading\" data-id=\"96be464\" data-element_type=\"widget\" data-e-type=\"widget\" data-widget_type=\"heading.default\">\n\t\t\t\t<div class=\"elementor-widget-container\">\n\t\t\t\t\t<h4 class=\"elementor-heading-title elementor-size-default\">Pack Libre 10 Clases<\/h4>\t\t\t\t<\/div>\n\t\t\t\t<\/div>\n\t\t<div class=\"elementor-element elementor-element-4d6a378 e-flex e-con-boxed e-con e-parent\" data-id=\"4d6a378\" data-element_type=\"container\" data-e-type=\"container\">\n\t\t\t\t\t<div class=\"e-con-inner\">\n\t\t\t\t<div class=\"elementor-element elementor-element-b7748c4 elementor-widget elementor-widget-jet-listing-dynamic-field\" data-id=\"b7748c4\" data-element_type=\"widget\" data-e-type=\"widget\" data-widget_type=\"jet-listing-dynamic-field.default\">\n\t\t\t\t<div class=\"elementor-widget-container\">\n\t\t\t\t\t<div class=\"jet-listing jet-listing-dynamic-field display-inline\"><div class=\"jet-listing-dynamic-field__inline-wrap\"><h4 class=\"jet-listing-dynamic-field__content\" >$91.000<\/h4><\/div><\/div>\t\t\t\t<\/div>\n\t\t\t\t<\/div>\n\t\t\t\t<div class=\"elementor-element elementor-element-bc139b1 elementor-align-justify elementor-widget elementor-widget-button\" data-id=\"bc139b1\" data-element_type=\"widget\" data-e-type=\"widget\" data-widget_type=\"button.default\">\n\t\t\t\t<div class=\"elementor-widget-container\">\n\t\t\t\t\t\t\t\t\t<div class=\"elementor-button-wrapper\">\n\t\t\t\t\t<a class=\"elementor-button elementor-button-link elementor-size-md\" href=\"https:\/\/www.laestaciondedanza.com\/laestacion\/producto\/pack-libre-10-clases\/\">\n\t\t\t\t\t\t<span class=\"elementor-button-content-wrapper\">\n\t\t\t\t\t\t\t\t\t<span class=\"elementor-button-text\">Ver pack<\/span>\n\t\t\t\t\t<\/span>\n\t\t\t\t\t<\/a>\n\t\t\t\t<\/div>\n\t\t\t\t\t\t\t\t<\/div>\n\t\t\t\t<\/div>\n\t\t\t\t\t<\/div>\n\t\t\t\t<\/div>\n\t\t\t\t\t<\/div>\n\t\t\t\t<\/div>\n\t\t\t\t\t<\/div>\n\t\t\t\t<\/div>\n\t\t\t\t<\/div>\n\t\t<\/div><div class=\"jet-listing-grid__item jet-listing-dynamic-post-286\" data-post-id=\"286\"  >\t\t<div data-elementor-type=\"jet-listing-items\" data-elementor-id=\"398\" class=\"elementor elementor-398\" data-elementor-post-type=\"jet-engine\">\n\t\t\t\t<div class=\"elementor-element elementor-element-6dcd851 e-flex e-con-boxed e-con e-parent\" data-id=\"6dcd851\" data-element_type=\"container\" data-e-type=\"container\">\n\t\t\t\t\t<div class=\"e-con-inner\">\n\t\t\t\t<div class=\"elementor-element elementor-element-6e6c7e3 elementor-widget elementor-widget-theme-post-featured-image elementor-widget-image\" data-id=\"6e6c7e3\" data-element_type=\"widget\" data-e-type=\"widget\" data-widget_type=\"theme-post-featured-image.default\">\n\t\t\t\t<div class=\"elementor-widget-container\">\n\t\t\t\t\t\t\t\t\t\t\t\t\t\t\t\t<a href=\"https:\/\/www.laestaciondedanza.com\/laestacion\/producto\/pack-libre-5-clases\/\">\n\t\t\t\t\t\t\t<img decoding=\"async\" width=\"512\" height=\"512\" src=\"https:\/\/www.laestaciondedanza.com\/laestacion\/wp-content\/uploads\/img-pack-libre-5-clases.png\" class=\"attachment-large size-large wp-image-634\" alt=\"\" srcset=\"https:\/\/www.laestaciondedanza.com\/laestacion\/wp-content\/uploads\/img-pack-libre-5-clases.png 512w, https:\/\/www.laestaciondedanza.com\/laestacion\/wp-content\/uploads\/img-pack-libre-5-clases-300x300.png 300w, https:\/\/www.laestaciondedanza.com\/laestacion\/wp-content\/uploads\/img-pack-libre-5-clases-100x100.png 100w\" sizes=\"(max-width: 512px) 100vw, 512px\" \/>\t\t\t\t\t\t\t\t<\/a>\n\t\t\t\t\t\t\t\t\t\t\t\t\t\t\t<\/div>\n\t\t\t\t<\/div>\n\t\t<div class=\"elementor-element elementor-element-6fd6245 e-flex e-con-boxed e-con e-parent\" data-id=\"6fd6245\" data-element_type=\"container\" data-e-type=\"container\" data-settings=\"{&quot;background_background&quot;:&quot;classic&quot;}\">\n\t\t\t\t\t<div class=\"e-con-inner\">\n\t\t\t\t<div class=\"elementor-element elementor-element-96be464 elementor-widget elementor-widget-heading\" data-id=\"96be464\" data-element_type=\"widget\" data-e-type=\"widget\" data-widget_type=\"heading.default\">\n\t\t\t\t<div class=\"elementor-widget-container\">\n\t\t\t\t\t<h4 class=\"elementor-heading-title elementor-size-default\">Pack Libre 5 Clases<\/h4>\t\t\t\t<\/div>\n\t\t\t\t<\/div>\n\t\t<div class=\"elementor-element elementor-element-4d6a378 e-flex e-con-boxed e-con e-parent\" data-id=\"4d6a378\" data-element_type=\"container\" data-e-type=\"container\">\n\t\t\t\t\t<div class=\"e-con-inner\">\n\t\t\t\t<div class=\"elementor-element elementor-element-b7748c4 elementor-widget elementor-widget-jet-listing-dynamic-field\" data-id=\"b7748c4\" data-element_type=\"widget\" data-e-type=\"widget\" data-widget_type=\"jet-listing-dynamic-field.default\">\n\t\t\t\t<div class=\"elementor-widget-container\">\n\t\t\t\t\t<div class=\"jet-listing jet-listing-dynamic-field display-inline\"><div class=\"jet-listing-dynamic-field__inline-wrap\"><h4 class=\"jet-listing-dynamic-field__content\" >$49.500<\/h4><\/div><\/div>\t\t\t\t<\/div>\n\t\t\t\t<\/div>\n\t\t\t\t<div class=\"elementor-element elementor-element-bc139b1 elementor-align-justify elementor-widget elementor-widget-button\" data-id=\"bc139b1\" data-element_type=\"widget\" data-e-type=\"widget\" data-widget_type=\"button.default\">\n\t\t\t\t<div class=\"elementor-widget-container\">\n\t\t\t\t\t\t\t\t\t<div class=\"elementor-button-wrapper\">\n\t\t\t\t\t<a class=\"elementor-button elementor-button-link elementor-size-md\" href=\"https:\/\/www.laestaciondedanza.com\/laestacion\/producto\/pack-libre-5-clases\/\">\n\t\t\t\t\t\t<span class=\"elementor-button-content-wrapper\">\n\t\t\t\t\t\t\t\t\t<span class=\"elementor-button-text\">Ver pack<\/span>\n\t\t\t\t\t<\/span>\n\t\t\t\t\t<\/a>\n\t\t\t\t<\/div>\n\t\t\t\t\t\t\t\t<\/div>\n\t\t\t\t<\/div>\n\t\t\t\t\t<\/div>\n\t\t\t\t<\/div>\n\t\t\t\t\t<\/div>\n\t\t\t\t<\/div>\n\t\t\t\t\t<\/div>\n\t\t\t\t<\/div>\n\t\t\t\t<\/div>\n\t\t<\/div><\/div><\/div>\t\t\t\t<\/div>\n\t\t\t\t<\/div>\n\t\t\t\t\t<\/div>\n\t\t\t\t<\/div>\n\t\t\t\t\t<\/div>\n\t\t\t\t<\/div>\n\t\t\t\t<\/div>\n\t\t","protected":false},"excerpt":{"rendered":"<p>Packs libres \u00a1Seleccion\u00e1 el pack de clases que m\u00e1s te guste! Cuantas m\u00e1s clases compres, m\u00e1s ahorras. Despu\u00e9s de comprar, podr\u00e1s seleccionar cualquiera de nuestras clases (siempre y cuando tengan cupo), y se te descontar\u00e1 autom\u00e1ticamente de tu pack. Record\u00e1 que ten\u00e9s 30 d\u00edas desde la fecha de la compra para usar tu pack. En [&hellip;]<\/p>\n","protected":false},"author":3,"featured_media":403,"parent":0,"menu_order":0,"comment_status":"closed","ping_status":"closed","template":"elementor_header_footer","meta":{"footnotes":""},"class_list":["post-301","page","type-page","status-publish","has-post-thumbnail","hentry"],"yoast_head":"<!-- This site is optimized with the Yoast SEO plugin v27.5 - https:\/\/yoast.com\/product\/yoast-seo-wordpress\/ -->\n<title>\u25b7 Reserv\u00e1 tu Pack de Clases Libres | La Estaci\u00f3n de Danza<\/title>\n<meta name=\"description\" content=\"Compr\u00e1 tu pack de 5, 10, o 15 clases. \u2713 Podr\u00e1s seleccionar cualquier clase de nuestra grilla. \u2713 \u00a1Reserv\u00e1 tu Pack de Clases Libres ahora!\" \/>\n<meta name=\"robots\" content=\"index, follow, max-snippet:-1, max-image-preview:large, max-video-preview:-1\" \/>\n<link rel=\"canonical\" href=\"https:\/\/www.laestaciondedanza.com\/laestacion\/packs-libres\/\" \/>\n<meta property=\"og:locale\" content=\"es_ES\" \/>\n<meta property=\"og:type\" content=\"article\" \/>\n<meta property=\"og:title\" content=\"\u25b7 Reserv\u00e1 tu Pack de Clases Libres | La Estaci\u00f3n de Danza\" \/>\n<meta property=\"og:description\" content=\"Compr\u00e1 tu pack de 5, 10, o 15 clases. \u2713 Podr\u00e1s seleccionar cualquier clase de nuestra grilla. \u2713 \u00a1Reserv\u00e1 tu Pack de Clases Libres ahora!\" \/>\n<meta property=\"og:url\" content=\"https:\/\/www.laestaciondedanza.com\/laestacion\/packs-libres\/\" \/>\n<meta property=\"og:site_name\" content=\"La Estaci\u00f3n de Danza\" \/>\n<meta property=\"article:modified_time\" content=\"2023-08-16T14:31:20+00:00\" \/>\n<meta property=\"og:image\" content=\"https:\/\/www.laestaciondedanza.com\/laestacion\/wp-content\/uploads\/Estacion-de-Danza-img-destacada.png\" \/>\n\t<meta property=\"og:image:width\" content=\"512\" \/>\n\t<meta property=\"og:image:height\" content=\"512\" \/>\n\t<meta property=\"og:image:type\" content=\"image\/png\" \/>\n<meta name=\"twitter:card\" content=\"summary_large_image\" \/>\n<script type=\"application\/ld+json\" class=\"yoast-schema-graph\">{\"@context\":\"https:\\\/\\\/schema.org\",\"@graph\":[{\"@type\":\"WebPage\",\"@id\":\"https:\\\/\\\/www.laestaciondedanza.com\\\/laestacion\\\/packs-libres\\\/\",\"url\":\"https:\\\/\\\/www.laestaciondedanza.com\\\/laestacion\\\/packs-libres\\\/\",\"name\":\"\u25b7 Reserv\u00e1 tu Pack de Clases Libres | La Estaci\u00f3n de Danza\",\"isPartOf\":{\"@id\":\"https:\\\/\\\/www.laestaciondedanza.com\\\/laestacion\\\/#website\"},\"primaryImageOfPage\":{\"@id\":\"https:\\\/\\\/www.laestaciondedanza.com\\\/laestacion\\\/packs-libres\\\/#primaryimage\"},\"image\":{\"@id\":\"https:\\\/\\\/www.laestaciondedanza.com\\\/laestacion\\\/packs-libres\\\/#primaryimage\"},\"thumbnailUrl\":\"https:\\\/\\\/www.laestaciondedanza.com\\\/laestacion\\\/wp-content\\\/uploads\\\/Estacion-de-Danza-img-destacada.png\",\"datePublished\":\"2023-06-09T15:10:45+00:00\",\"dateModified\":\"2023-08-16T14:31:20+00:00\",\"description\":\"Compr\u00e1 tu pack de 5, 10, o 15 clases. \u2713 Podr\u00e1s seleccionar cualquier clase de nuestra grilla. \u2713 \u00a1Reserv\u00e1 tu Pack de Clases Libres ahora!\",\"breadcrumb\":{\"@id\":\"https:\\\/\\\/www.laestaciondedanza.com\\\/laestacion\\\/packs-libres\\\/#breadcrumb\"},\"inLanguage\":\"es\",\"potentialAction\":[{\"@type\":\"ReadAction\",\"target\":[\"https:\\\/\\\/www.laestaciondedanza.com\\\/laestacion\\\/packs-libres\\\/\"]}]},{\"@type\":\"ImageObject\",\"inLanguage\":\"es\",\"@id\":\"https:\\\/\\\/www.laestaciondedanza.com\\\/laestacion\\\/packs-libres\\\/#primaryimage\",\"url\":\"https:\\\/\\\/www.laestaciondedanza.com\\\/laestacion\\\/wp-content\\\/uploads\\\/Estacion-de-Danza-img-destacada.png\",\"contentUrl\":\"https:\\\/\\\/www.laestaciondedanza.com\\\/laestacion\\\/wp-content\\\/uploads\\\/Estacion-de-Danza-img-destacada.png\",\"width\":512,\"height\":512},{\"@type\":\"BreadcrumbList\",\"@id\":\"https:\\\/\\\/www.laestaciondedanza.com\\\/laestacion\\\/packs-libres\\\/#breadcrumb\",\"itemListElement\":[{\"@type\":\"ListItem\",\"position\":1,\"name\":\"Portada\",\"item\":\"https:\\\/\\\/www.laestaciondedanza.com\\\/laestacion\\\/\"},{\"@type\":\"ListItem\",\"position\":2,\"name\":\"Packs libres\"}]},{\"@type\":\"WebSite\",\"@id\":\"https:\\\/\\\/www.laestaciondedanza.com\\\/laestacion\\\/#website\",\"url\":\"https:\\\/\\\/www.laestaciondedanza.com\\\/laestacion\\\/\",\"name\":\"La Estaci\u00f3n de Danza\",\"description\":\"\",\"publisher\":{\"@id\":\"https:\\\/\\\/www.laestaciondedanza.com\\\/laestacion\\\/#organization\"},\"potentialAction\":[{\"@type\":\"SearchAction\",\"target\":{\"@type\":\"EntryPoint\",\"urlTemplate\":\"https:\\\/\\\/www.laestaciondedanza.com\\\/laestacion\\\/?s={search_term_string}\"},\"query-input\":{\"@type\":\"PropertyValueSpecification\",\"valueRequired\":true,\"valueName\":\"search_term_string\"}}],\"inLanguage\":\"es\"},{\"@type\":\"Organization\",\"@id\":\"https:\\\/\\\/www.laestaciondedanza.com\\\/laestacion\\\/#organization\",\"name\":\"La Estaci\u00f3n de Danza\",\"url\":\"https:\\\/\\\/www.laestaciondedanza.com\\\/laestacion\\\/\",\"logo\":{\"@type\":\"ImageObject\",\"inLanguage\":\"es\",\"@id\":\"https:\\\/\\\/www.laestaciondedanza.com\\\/laestacion\\\/#\\\/schema\\\/logo\\\/image\\\/\",\"url\":\"https:\\\/\\\/www.laestaciondedanza.com\\\/laestacion\\\/wp-content\\\/uploads\\\/logo-claro.png\",\"contentUrl\":\"https:\\\/\\\/www.laestaciondedanza.com\\\/laestacion\\\/wp-content\\\/uploads\\\/logo-claro.png\",\"width\":2048,\"height\":1356,\"caption\":\"La Estaci\u00f3n de Danza\"},\"image\":{\"@id\":\"https:\\\/\\\/www.laestaciondedanza.com\\\/laestacion\\\/#\\\/schema\\\/logo\\\/image\\\/\"}}]}<\/script>\n<!-- \/ Yoast SEO plugin. -->","yoast_head_json":{"title":"\u25b7 Reserv\u00e1 tu Pack de Clases Libres | La Estaci\u00f3n de Danza","description":"Compr\u00e1 tu pack de 5, 10, o 15 clases. \u2713 Podr\u00e1s seleccionar cualquier clase de nuestra grilla. \u2713 \u00a1Reserv\u00e1 tu Pack de Clases Libres ahora!","robots":{"index":"index","follow":"follow","max-snippet":"max-snippet:-1","max-image-preview":"max-image-preview:large","max-video-preview":"max-video-preview:-1"},"canonical":"https:\/\/www.laestaciondedanza.com\/laestacion\/packs-libres\/","og_locale":"es_ES","og_type":"article","og_title":"\u25b7 Reserv\u00e1 tu Pack de Clases Libres | La Estaci\u00f3n de Danza","og_description":"Compr\u00e1 tu pack de 5, 10, o 15 clases. \u2713 Podr\u00e1s seleccionar cualquier clase de nuestra grilla. \u2713 \u00a1Reserv\u00e1 tu Pack de Clases Libres ahora!","og_url":"https:\/\/www.laestaciondedanza.com\/laestacion\/packs-libres\/","og_site_name":"La Estaci\u00f3n de Danza","article_modified_time":"2023-08-16T14:31:20+00:00","og_image":[{"width":512,"height":512,"url":"https:\/\/www.laestaciondedanza.com\/laestacion\/wp-content\/uploads\/Estacion-de-Danza-img-destacada.png","type":"image\/png"}],"twitter_card":"summary_large_image","schema":{"@context":"https:\/\/schema.org","@graph":[{"@type":"WebPage","@id":"https:\/\/www.laestaciondedanza.com\/laestacion\/packs-libres\/","url":"https:\/\/www.laestaciondedanza.com\/laestacion\/packs-libres\/","name":"\u25b7 Reserv\u00e1 tu Pack de Clases Libres | La Estaci\u00f3n de Danza","isPartOf":{"@id":"https:\/\/www.laestaciondedanza.com\/laestacion\/#website"},"primaryImageOfPage":{"@id":"https:\/\/www.laestaciondedanza.com\/laestacion\/packs-libres\/#primaryimage"},"image":{"@id":"https:\/\/www.laestaciondedanza.com\/laestacion\/packs-libres\/#primaryimage"},"thumbnailUrl":"https:\/\/www.laestaciondedanza.com\/laestacion\/wp-content\/uploads\/Estacion-de-Danza-img-destacada.png","datePublished":"2023-06-09T15:10:45+00:00","dateModified":"2023-08-16T14:31:20+00:00","description":"Compr\u00e1 tu pack de 5, 10, o 15 clases. \u2713 Podr\u00e1s seleccionar cualquier clase de nuestra grilla. \u2713 \u00a1Reserv\u00e1 tu Pack de Clases Libres ahora!","breadcrumb":{"@id":"https:\/\/www.laestaciondedanza.com\/laestacion\/packs-libres\/#breadcrumb"},"inLanguage":"es","potentialAction":[{"@type":"ReadAction","target":["https:\/\/www.laestaciondedanza.com\/laestacion\/packs-libres\/"]}]},{"@type":"ImageObject","inLanguage":"es","@id":"https:\/\/www.laestaciondedanza.com\/laestacion\/packs-libres\/#primaryimage","url":"https:\/\/www.laestaciondedanza.com\/laestacion\/wp-content\/uploads\/Estacion-de-Danza-img-destacada.png","contentUrl":"https:\/\/www.laestaciondedanza.com\/laestacion\/wp-content\/uploads\/Estacion-de-Danza-img-destacada.png","width":512,"height":512},{"@type":"BreadcrumbList","@id":"https:\/\/www.laestaciondedanza.com\/laestacion\/packs-libres\/#breadcrumb","itemListElement":[{"@type":"ListItem","position":1,"name":"Portada","item":"https:\/\/www.laestaciondedanza.com\/laestacion\/"},{"@type":"ListItem","position":2,"name":"Packs libres"}]},{"@type":"WebSite","@id":"https:\/\/www.laestaciondedanza.com\/laestacion\/#website","url":"https:\/\/www.laestaciondedanza.com\/laestacion\/","name":"La Estaci\u00f3n de Danza","description":"","publisher":{"@id":"https:\/\/www.laestaciondedanza.com\/laestacion\/#organization"},"potentialAction":[{"@type":"SearchAction","target":{"@type":"EntryPoint","urlTemplate":"https:\/\/www.laestaciondedanza.com\/laestacion\/?s={search_term_string}"},"query-input":{"@type":"PropertyValueSpecification","valueRequired":true,"valueName":"search_term_string"}}],"inLanguage":"es"},{"@type":"Organization","@id":"https:\/\/www.laestaciondedanza.com\/laestacion\/#organization","name":"La Estaci\u00f3n de Danza","url":"https:\/\/www.laestaciondedanza.com\/laestacion\/","logo":{"@type":"ImageObject","inLanguage":"es","@id":"https:\/\/www.laestaciondedanza.com\/laestacion\/#\/schema\/logo\/image\/","url":"https:\/\/www.laestaciondedanza.com\/laestacion\/wp-content\/uploads\/logo-claro.png","contentUrl":"https:\/\/www.laestaciondedanza.com\/laestacion\/wp-content\/uploads\/logo-claro.png","width":2048,"height":1356,"caption":"La Estaci\u00f3n de Danza"},"image":{"@id":"https:\/\/www.laestaciondedanza.com\/laestacion\/#\/schema\/logo\/image\/"}}]}},"_links":{"self":[{"href":"https:\/\/www.laestaciondedanza.com\/laestacion\/wp-json\/wp\/v2\/pages\/301","targetHints":{"allow":["GET"]}}],"collection":[{"href":"https:\/\/www.laestaciondedanza.com\/laestacion\/wp-json\/wp\/v2\/pages"}],"about":[{"href":"https:\/\/www.laestaciondedanza.com\/laestacion\/wp-json\/wp\/v2\/types\/page"}],"author":[{"embeddable":true,"href":"https:\/\/www.laestaciondedanza.com\/laestacion\/wp-json\/wp\/v2\/users\/3"}],"replies":[{"embeddable":true,"href":"https:\/\/www.laestaciondedanza.com\/laestacion\/wp-json\/wp\/v2\/comments?post=301"}],"version-history":[{"count":36,"href":"https:\/\/www.laestaciondedanza.com\/laestacion\/wp-json\/wp\/v2\/pages\/301\/revisions"}],"predecessor-version":[{"id":1000,"href":"https:\/\/www.laestaciondedanza.com\/laestacion\/wp-json\/wp\/v2\/pages\/301\/revisions\/1000"}],"wp:featuredmedia":[{"embeddable":true,"href":"https:\/\/www.laestaciondedanza.com\/laestacion\/wp-json\/wp\/v2\/media\/403"}],"wp:attachment":[{"href":"https:\/\/www.laestaciondedanza.com\/laestacion\/wp-json\/wp\/v2\/media?parent=301"}],"curies":[{"name":"wp","href":"https:\/\/api.w.org\/{rel}","templated":true}]}}